f b.
2, 5
Let p be (-6)/21 - (-72)/7. Suppose 2*z - 8 = z + 2*q, 2*z = -5*q - 11. Suppose 0 = f - 5*f, -f + p = z*b. List the prime factors of b.
5
Let o = -93 - -116. What are the prime factors of o?
23
Let t be (-2)/(-3)*6 + 1. Suppose t*l - 177 = -3*q, -3*l + 133 - 20 = -5*q. What are the prime factors of l?
2, 3
Let i = -30 - -104. What are the prime factors of i?
2, 37
Suppose 67 = c - 23. Suppose -2*a - 2*a + c = -2*f, a - 3*f = 15. List the prime factors of a.
2, 3
Let b(g) be the first derivative of g**2/2 + 10*g + 3. What are the prime factors of b(-8)?
2
Let f = -40 + 161. Let h = f + -86. What are the prime factors of h?
5, 7
Suppose 8 + 40 = 2*q. Let r = -5 + q. List the prime factors of r.
19
Suppose -2*h - 30 = -4*h. List the prime factors of h.
3, 5
Suppose -14 = -3*s + 5*o + 11, o + 2 = 0. Suppose -s*m + 20 = -5*l + 125, 21 = 2*l + 5*m. List the prime factors of l.
2, 3
List the prime factors of (-2)/(-4)*6 + 18.
3, 7
Let t(d) = d. Let q(i) = 6*i + 3. Let j(u) = -q(u) + 2*t(u). What are the prime factors of j(-4)?
13
Let o(p) = 3*p**3 - 12*p**2 + 8*p - 27. What are the prime factors of o(6)?
3, 79
Let l(d) be the third derivative of d**4/24 + d**3/6 - d**2. What are the prime factors of l(1)?
2
Suppose 3*p = 6*p - 21. Suppose -h - 3 - p = 0. List the prime factors of h/((2 - 2) + -1).
2, 5
Suppose 49*r = 55*r - 1794. List the prime factors of r.
13, 23
Let v(f) be the second derivative of f**4/12 - 5*f**3/6 - 4*f**2 + 2*f. Let s be v(8). Suppose -5*k + k + s = 0. List the prime factors of k.
2
Let z(f) = 16*f**2 - 6*f - 7. Let x be z(-3). Let o = -104 + x. What are the prime factors of o?
3, 17
Let a(f) = f**3 - 3*f**2 - 3*f + 5. Let k be a(4). Suppose -k + 39 = u. List the prime factors of u.
2, 3, 5
Let y(t) = 13*t. Let k(j) = j**3 + 6*j**2 + 6*j + 5. Let h be k(-5). Suppose h*o = 5*o - 2*p - 15, -4*p = -3*o + 23. What are the prime factors of y(o)?
13
Let a be -2 + 1 + 14 + 1. Let j = a + -10. Suppose 0 = -j*m - 0 + 12. List the prime factors of m.
3
Let t = -4 - 0. What are the prime factors of (-5 - t)*-21*1?
3, 7
Let l = 15 + -6. Suppose 4*t = l + 7. List the prime factors of t.
2
Suppose -i + 14 + 31 = 0. Let d = i + -27. What are the prime factors of d?
2, 3
Suppose -p - 3 = -4*l, 13 - 2 = 3*p - 2*l. Suppose -p*r + 354 = 124. Suppose 4*k - 26 - r = 0. What are the prime factors of k?
2, 3
Suppose -4*v + p = -4*p - 171, p + 191 = 4*v. Suppose -4*j + v = -23. What are the prime factors of j?
2, 3
Suppose -c = -0*c - 2. Suppose -c*h + 15 = -5. List the prime factors of (-4)/h - (-51)/15.
3
Let n(d) = 4*d + 38. List the prime factors of n(4).
2, 3
List the prime factors of ((-26)/(-6))/((-120)/126 + 1).
7, 13
Let a(j) = j**2 + 5*j - 1. Suppose -x - 14 = 2*t - 6, -5*x = -3*t - 38. Let h be a(t). Suppose h*u = -27 + 82. List the prime factors of u.
11
Suppose 5*v - 5*k - 153 = 27, -v = -3*k - 36. Let j = v - 20. List the prime factors of j.
2
Suppose 3 = 4*w + 15. Let y = 16 + w. What are the prime factors of y?
13
Let z be 2*-1*(-6)/(-3). Let l be 22*2/16*z. Let k(i) = i**3 + 10*i**2 - 14*i - 12. List the prime factors of k(l).
3, 7
Let a be (-2 - -4)/((-8)/(-140)). Suppose -3*j + a + 7 = 0. What are the prime factors of j?
2, 7
Let c(k) = 4*k + 2. Let o(b) = -b**3 - 6*b**2 + b + 8. Let x be o(-6). List the prime factors of c(x).
2, 5
Suppose -3*v + 12 = -3. Suppose 0 = y + 3 - v. Suppose -39 = y*p - 5*p. List the prime factors of p.
13
Let v(f) = f**3 - 8*f**2 - 8*f. Let x(o) = o**3 + 6*o**2 - 2*o - 3. Let b be x(-6). Let u be v(b). List the prime factors of ((-38)/4)/(u/(-18)).
19
Let d = 150 + -102. Let q = d + -33. List the prime factors of q.
3, 5
Let g(r) = -r**3 + 10*r**2 + 11*r + 3. Let j be g(11). Let y = j + 2. What are the prime factors of y?
5
Suppose -4*o + a = -9, -2*o - 4*a + 15 = -o. Suppose o*p - 35 = 1. What are the prime factors of p?
2, 3
Suppose -2*l - h = -689, 0 = -4*l + 3*h - 8*h + 1381. List the prime factors of l.
2, 43
Let x = -1 + 123. What are the prime factors of x?
2, 61
Let y(b) = b**3 - 9*b**2 + 9*b - 2. Let q be y(8). Let s = q + -6. Suppose s = x - 3*x + 26. List the prime factors of x.
13
Suppose 3*g + g = -16. What are the prime factors of ((-4)/g)/((-2)/(-20))?
2, 5
Let u(i) = -i**3 - 2*i**2 - i. Let o be u(-2). Suppose 58 + 14 = o*v. List the prime factors of v.
2, 3
Let f = 36 - 39. Let c(h) = -h**2 - h + 2. Let b be c(-2). Let r = b - f. List the prime factors of r.
3
Let h = -22 + 36. List the prime factors of h.
2, 7
Suppose 3*q - 559 = -4*u, 2*q - 704 = 3*u - 8*u. List the prime factors of u.
2, 71
Suppose x - 1129 = -5*n, -n + 2*x - 676 = -4*n. List the prime factors of n.
2, 113
Let c(x) = 19*x + 5. Let u be c(7). Suppose 4*d + 61 + 75 = 4*n, -5*d - u = -4*n. Let r = -23 + n. What are the prime factors of r?
3
Suppose 15 + 9 = 3*g. Let l = -6 + g. What are the prime factors of l?
2
Let a(p) = -p**3 + 7*p**2 - 7*p + 6. Let d be a(6). Let o = 11 - d. Let g(r) = r**3 - 10*r**2 - 10*r + 9. What are the prime factors of g(o)?
2, 5
Let t(d) = 2*d + 7. Suppose 0 = 3*g - 3*l - 2 - 4, 3*g + 5*l - 30 = 0. What are the prime factors of t(g)?
17
Let u(w) = w + 21 - w**2 - 4 + 4. What are the prime factors of u(0)?
3, 7
Let h(m) = m**2 + m + 2. Let a be (-21)/(-9) - (-6)/9. List the prime factors of h(a).
2, 7
Let w = 44 - 26. What are the prime factors of w?
2, 3
Suppose -o - 3*x - 12 = 4*o, -3*x = -3. List the prime factors of 38 - (-6 + (o - -5)).
2, 3, 7
Let i be ((-6)/(-4))/(2/(-20)). Suppose -8*w = 3*l - 3*w - 60, -84 = -3*l + 3*w. Let t = i + l. List the prime factors of t.
2, 5
Suppose 5*x = 4*g + 20, 2*x - 4 - 4 = -2*g. Suppose g = -2*z + 22. List the prime factors of z.
11
Let v(t) = -t**2 + 2*t + 2. Let p be v(3). List the prime factors of (-15)/((-1 - -1) + p).
3, 5
Suppose -8*u + 3*u - 35 = 0. Let h be ((-18)/(-21))/(1/u). What are the prime factors of (h/(-9) - 2)*-3?
2
Let d(c) = 3*c**2 - 1. Let b be d(-6). What are the prime factors of (-12)/16 - b/(-4)?
2, 13
Let k = 13 + -3. What are the prime factors of k?
2, 5
Let t = 21 - 16. Suppose t*j - 81 = 99. List the prime factors of j.
2, 3
Suppose 1539 = -15*x + 6639. List the prime factors of x.
2, 5, 17
Let y(s) = -s**2 - 9*s - 14. Let v be y(-6). Suppose 64 = v*c - 64. What are the prime factors of c?
2
Let b(d) = 17*d - 11. Let z be b(13). What are the prime factors of 10318/z + (-4)/30?
7
Let a(p) be the first derivative of -p**2/2 - 6*p - 1. Let x be (-3)/12 - 70/8. What are the prime factors of a(x)?
3
Let b(x) = 2*x**3 + 2*x**2. Let a be b(2). Suppose 3*c - 2*c = a. List the prime factors of c.
2, 3
Let w(l) = -7*l**2 - l**3 + 4 - 3*l + 0*l - 5*l. What are the prime factors of w(-6)?
2
Suppose -k - 2*k - 4*q = -90, -2*k = 2*q - 58. List the prime factors of k.
2, 13
Let o(t) = 2*t**3 - t**2 + 3*t - 3. List the prime factors of o(2).
3, 5
Suppose 0 = 2*z - 4*z - 2*d + 30, 0 = 3*z - d - 25. Let k = 18 - 26. What are the prime factors of (-35)/14*k/z?
2
Let p = -4 + 18. Suppose p = b - 14. What are the prime factors of b?
2, 7
Let j(q) be the second derivative of -q**5/20 - q**4/12 + 4*q**2 + 8*q. List the prime factors of j(0).
2
Let s be (1 - 0)*(-51 + -2). Let r = s + 30. Let l = r - -34. List the prime factors of l.
11
Let n(w) = -w**2 + 5*w - 2. Let z be n(3). Let d(m) = 0*m + 2*m - 6 + m + 2*m. What are the prime factors of d(z)?
2, 7
Let w(y) = y. Suppose -4*d + 16 = -3*z, 7 = 5*d - 4*z - 13. What are the prime factors of w(d)?
2
Suppose -156 = -4*p + p + 3*b, 200 = 4*p + 4*b. List the prime factors of p.
3, 17
Let n(p) = -p**2 - 7*p + 9. Let g be n(-8). Let w = g - -1. What are the prime factors of w?
2
Let c(b) = -b**2 + 8*b - 5. Let h be c(7). Suppose -52 = -3*r + h*f, f = -r - 9 + 23. What are the prime factors of r?
2
Let n = 153 - 78. List the prime factors of n.
3, 5
Let n = -2 - 1. Let b = n - 0. List the prime factors of b/6*-2 + 9.
2, 5
Suppose -t + 3 + 11 = 0. Suppose t = -5*k + 49. Let g = 25 - k. List the prime factors of g.
2, 3
Let b(n) = -n**2 + 8*n. Let r be b(7). What are the prime factors of 22 + 0 - r/(-7)?
23
Let a = 10 + 41. Let z = a + -25. What are the prime factors of z?
2, 13
Let v be (6/4)/(6/136). Suppose -5*s + 415 = 5*l, -5*s + 5*l + 331 = -v. Suppose -s = -5*j - 3*f, -3*j = 4*f - 21